7
Let w be (-5060)/28 + 2/(-7). Let a be 8/36 + (349952/(-72))/(-16). Let i = a + w. What are the prime factors of i?
3, 41
Let p(w) = w**3 + 4*w**2 - 7*w + 15. Let h = -53 - -47. Let u be p(h). List the prime factors of (-12)/9*u - 1.
19
Suppose 0*k - k - 8828 = -q, 2*q + 4*k = 17686. List the prime factors of q.
11, 73
Suppose 2 - 2 = -9*p. Suppose p = 2*a - 4*v - 1214, 5*a - 3*v + 681 = 3688. What are the prime factors of a?
599
Let q(r) = 95*r - 1746. What are the prime factors of q(56)?
2, 1787
Let a = -86 + 88. Suppose -a*n = 20*n - 4422. What are the prime factors of n?
3, 67
Let q = 5330 - 1998. Suppose -13612 = -20*z - q. What are the prime factors of z?
2, 257
Let q = -37 - -40. Suppose -10*v = q*v - 429. Let g = v - -96. List the prime factors of g.
3, 43
Let q = 18275 - 12614. What are the prime factors of q?
3, 17, 37
Suppose -41*b = -30*b - 13563. List the prime factors of b.
3, 137
Let w(l) = -4*l**2 + 896*l + 173. List the prime factors of w(85).
3, 97, 163
Suppose 10*j = -210 + 210. Suppose -5*y = -l - 989, j*l = -3*y - l + 587. List the prime factors of y.
197
Suppose 34*b - 727 = 531. List the prime factors of b/((33/54)/11).
2, 3, 37
Let h(t) = -t**2 + 8*t - 33. Let l be h(12). Let i = 308 + l. What are the prime factors of i?
227
Suppose k - u = 6080, k - 9898 = -2*u - 3812. What are the prime factors of k?
2, 3041
Suppose -148*l - 9732 = -160*l. Suppose 1140*i + l = 1141*i. What are the prime factors of i?
811
Let a(k) = -65*k + 50. Suppose 4*u - 30 = -h - 83, -5*h = 5*u + 70. What are the prime factors of a(u)?
5, 179
Suppose 5*u + 5 = 6*u. Suppose l - 13 = u*q, l - 1 = -q - 0. Suppose -3*j - 5*z = -19, z - 11 = -l*j - 0*z. What are the prime factors of j?
3
Let n(z) = 4*z**3 - 2*z**2 + 2*z + 2. Let o = 125 + -121. What are the prime factors of n(o)?
2, 3, 13
Let x = -819 + 5558. List the prime factors of x.
7, 677
Let r be 2/(-4)*(-2 + (7 - 5)). Let q(t) = 2*t**3 - 5*t + 283. List the prime factors of q(r).
283
Let l(v) = -145*v + 27. Let r be l(-9). Suppose 3*g + c + c - r = 0, -896 = -2*g - 4*c. What are the prime factors of g?
2, 13, 17
Suppose -11*s - 18566 = -4*u - 9*s, 4*u + s = 18569. What are the prime factors of u?
2, 11, 211
Let m(o) = o**3 - 9*o**2 + 3*o + 67. Let p be m(8). Let b(k) = -13*k + 75. Let a(l) = 53*l - 300. Let r(f) = -2*a(f) - 9*b(f). List the prime factors of r(p).
2, 3, 37
Let q = 3281 + -531. What are the prime factors of q?
2, 5, 11
Suppose h - 4*j = -6*j + 784, 5*h - 3884 = 2*j. Let l = 1510 - h. List the prime factors of l.
2, 3, 61
Let o be ((-28)/4 - -7)/(-1). Suppose -2*s + 1271 - 217 = o. What are the prime factors of s?
17, 31
Let j = -141 - -6335. List the prime factors of j.
2, 19, 163
Let a = -162 + -34. Let j = a + 342. What are the prime factors of j?
2, 73
Let u be (-12)/(-18) - 24/9. Let a be (-6)/u - (-1 + 4). What are the prime factors of (-1)/2*-290 + a?
5, 29
Suppose 14*a = 11*a + 7131. Suppose 22*r + 419 = a. List the prime factors of r.
89
Let o be (-1 - -1) + 639 + 1. Let d be ((-6)/(-4))/(43/2580). Suppose -o = -5*r + 3*y - d, 3*y = 0. List the prime factors of r.
2, 5, 11
Let j(s) = 8*s + 37. Let y be j(-4). Suppose -5*k + 790 = -y*r, 5*k - 2*r = 2*k + 475. What are the prime factors of k?
3, 53
Let b be 8 - (5 - (-4)/(-2)). Let l(s) be the third derivative of s**6/120 - s**4/6 + 3*s**3/2 + 31*s**2. List the prime factors of l(b).
2, 3, 19
List the prime factors of -8 - (-19 + 245971/(-11)).
2, 7, 17, 47
Suppose 5 = -2*h + 13. What are the prime factors of (23 - 21)*498/h?
3, 83
Suppose 4*q - 118 = 5*k, -2*q + 3*k + k + 56 = 0. Suppose -3*i + 1186 = -q. List the prime factors of i.
2, 7, 29
Suppose 22*n - 72 = -14*n. Suppose 0 = n*i + 5*f - 1317, 0 = -f + 6*f - 5. List the prime factors of i.
2, 41
Suppose -3*o = -m - 2 - 2, -4*o - 5*m - 20 = 0. Suppose -3*k - c + 4 = -o, -25 = 5*c. Suppose k*j - 29 - 76 = -y, 0 = j + 5*y - 35. List the prime factors of j.
5, 7
Let f(g) = -g**2 + 7*g - 4. Let z be f(3). Suppose -y = 5*j + y - 31, -4*j = -4*y - z. Suppose 0 = o - 1, 8*m - j*m = o + 200. List the prime factors of m.
67
Suppose 5*g + 54*z = 52*z + 71435, 4*g - 2*z - 57130 = 0. What are the prime factors of g?
5, 2857
Suppose 65215 = 13*q + 7118. List the prime factors of q.
41, 109
Let d = 17004 - -19370. List the prime factors of d.
2, 13, 1399
Let z = 23162 - 12184. What are the prime factors of z?
2, 11, 499
Suppose -4 - 160 = -5*k + j, -3*k + j + 100 = 0. Let m(u) = u**2 - 26*u + 46. What are the prime factors of m(k)?
2, 7, 17
Let j(t) = -4*t**2 + 79*t - 47. Let o be j(19). Suppose -o*n + 3754 = -3416. List the prime factors of n.
3, 239
Suppose a - 8*a = -14. Let y be (4 - -8)/4 + a + -3. Suppose z + 518 = 5*z + r, -258 = -y*z - r. List the prime factors of z.
2, 5, 13
Let c be 1/1 + 6 - 4. Suppose -3*a - m + 857 = 0, -1447 = -3*a - 2*a + c*m. What are the prime factors of a?
7, 41
Suppose 336 = 13*c - 7*c. Let o be ((-35)/15 - -1) + c/6. Suppose -h + 15 + o = -4*g, 0 = -5*h + 4*g + 99. What are the prime factors of h?
19
List the prime factors of (5220/(-48) - -18)*-48.
2, 3, 11
Let d = -371 + 373. What are the prime factors of (0 - d) + 1991 + (6 - 7)?
2, 7, 71
List the prime factors of (-2)/10 + 17171020/850.
20201
Suppose -q - n = -6*q + 303, 5*q + 5*n = 285. Suppose -33*r = -29*r - q. List the prime factors of r.
3, 5
Let p = 2263 + -1238. Let i = p + -294. What are the prime factors of i?
17, 43
Let o(d) be the third derivative of -9*d**6/40 + 3*d**5/20 + 5*d**4/4 + d**3/2 + 64*d**2. List the prime factors of o(-3).
3, 241
Let g(m) be the third derivative of -317*m**4/24 + 11*m**3/3 + 4*m**2 + 1. List the prime factors of g(-1).
3, 113
Let l(n) be the third derivative of 0 + 1/3*n**4 + 13/3*n**3 + 35*n**2 + 0*n. List the prime factors of l(17).
2, 3
Suppose -h = -z - 14, -4*h = 3*z + 41 + 15. Let w = 34 - -36. Let l = z + w. List the prime factors of l.
2, 3
Let p(y) = 8*y**2 + 3*y + 6. Let q be p(-6). Suppose 4*a - 680 = q. Let f = a - 132. What are the prime factors of f?
107
Let o = 140 + 394. Suppose 0*v - 268 = -v - 4*a, -3*v + 804 = 5*a. Let z = o - v. List the prime factors of z.
2, 7, 19
Let g be (-14 + 17 - -673) + (-1 - 3). Let o = g - -1202. List the prime factors of o.
2, 937
Suppose 4 = -4*z + 4*k, 0 = 2*z - 4*k + 4 - 0. Let g be (2 - (z - -1))/(11/22). Suppose -5*x - g*x = -266. List the prime factors of x.
2, 19
List the prime factors of (15016/36)/((-19)/(-171)).
2, 1877
List the prime factors of (284 + -1)/(183/1647).
3, 283
Suppose 0 = -r - 3, 39*r - 37*r + 6094 = 4*o. List the prime factors of o.
2, 761
Suppose 0 = 10*q - 151900 - 78130. What are the prime factors of q?
23003
Suppose 2*y - 5*y = -6. Let g(w) = 3*w - 11*w - 57 - 12*w + w**y + 4*w. List the prime factors of g(-10).
7, 29
Suppose 4*k = -14 - 34. Let s = k + 14. Suppose 0 = -s*q + 7*q - 110. List the prime factors of q.
2, 11
Suppose -3*a - 4 = 5*f + 12, a + 12 = -5*f. Let g be a/(-7) - ((-2298)/(-7) - 4). Let u = -145 - g. List the prime factors of u.
179
List the prime factors of 1 + 533128/68 - (-26)/(-221).
7841
Suppose -3*r = -0 + 9. Let f be -2*(r + 1) - 4. Suppose -5*n + 439 = 4*j, f = -0*j + 3*j + 12. List the prime factors of n.
7, 13
Let g(q) = 2509*q**2 + 4*q + 8. List the prime factors of g(-2).
2, 13, 193
Let j(y) = -y + 8. Let a be j(7). Let r be -5 + 4 + 5*a. What are the prime factors of ((-8)/12)/(r/(-246))?
41
Suppose 0 = 10*o - 5*o, -2*x + 2*o - 6 = 0. What are the prime factors of 51 + (1 - 12/4) - x?
2, 13
Let g(m) = 39 - 6 + 62*m + 11. Let f(q) = 7*q + 5. Let r(w) = 52*f(w) - 6*g(w). What are the prime factors of r(-13)?
2, 5
Suppose 236*i = 6569079 + 895662 + 331755. List the prime factors of i.
2, 3, 2753
Let t = 439 + -420. Suppose -t*n = -4*n - 11085. What are the prime factors of n?
739
What are the prime factors of -1702*((2 - 4)/12 - (-3)/(-9))?
23, 37
Suppose 42*i = 22*i + 63580. List the prime factors of i.
11, 17
Let a(x) = 3 + 0*x**2 + 0*x + 2*x**2 - x + 3*x. Let b(v) = -3*v - 6. Let y be b(-4). What are the prime factors of a(y)?
3, 29
Suppose 2*t = -165 + 171. Suppose 5*c - 345 - 62 = t*w, -77 = -c + 5*w. List the prime factors of c.
2, 41
Let j(m) = -2*m**2 - 53*m - 35. Let i be j(-26). Let g(s) = -50*s - 63. What are the prime factors of